*m. What is the hundreds digit of k?
2
Let h be 2 - (0 - -2) - (28 - 33). Suppose -h*s + 18384 = 11*s. What is the tens digit of s?
4
Suppose 99*c - 4887 = 98*c. Suppose -5*o + 3*y = 2*y - c, y = 3. What is the units digit of o?
8
Let g be (1 - 16/6)/((-54)/486). Suppose -299 + 44 = -g*x. What is the tens digit of x?
1
Let l = 12035 - 5611. What is the hundreds digit of l?
4
Let c(r) = 20*r**2 + 31*r + 111. What is the tens digit of c(-8)?
4
Suppose 7*f = -4*r + 3*f + 24, 5*f = 10. Suppose 0 = -r*b - 8540 + 204. What is the tens digit of (-2 - b/24) + 2/12?
8
Let c(m) = 49*m**2 - 9. What is the units digit of c(12)?
7
Suppose -4*g = 20, 19*g + 75 = -2*f + 20*g. What is the hundreds digit of ((-896)/80)/(2/f)?
2
Let y = -117 - -129. Suppose -2678 - 2146 = -y*j. What is the hundreds digit of j?
4
Let r(a) = 2*a**3 + 9*a**2 + 2*a + 14. Let g be r(-5). What is the hundreds digit of ((-602)/g)/((-4)/(-66))?
4
Let p(z) = 5*z - 33. Let v be p(11). Let f be (-6)/33 + 7594/v. Let k = f + -223. What is the tens digit of k?
2
Suppose 0 = 4*m + 2*y - 107858, 6*m + 2248*y - 2252*y = 161794. What is the units digit of m?
5
Let n(c) = -2*c - 22. Let u be n(-16). Let h be (1 + -2)*2165/u*-2. Suppose 9*s = 53 + h. What is the units digit of s?
4
What is the thousands digit of (2832/160 + -18)*-62110?
8
Suppose -2*g + 4*s = -10 - 1412, -5*g - 4*s = -3541. What is the units digit of g?
9
Let v = 169 - 111. Let y = 62 - v. Suppose -k - 371 = -3*n - 3*k, -3*k - 472 = -y*n. What is the tens digit of n?
2
Suppose 2*w = w + 6*w. Suppose 2*k - 6*k + 20 = w, 3*r + 5*k = 1201. What is the units digit of r?
2
Let i be ((-393)/(-4))/((-2)/8). Let f = -175 - i. Let u = f - 121. What is the tens digit of u?
9
Suppose -701 + 485 = -2*q. What is the units digit of 286*(-96)/q*9/(-2)?
4
Suppose 0 = f + 6*b - 5*b - 4680, 5*f - 2*b - 23386 = 0. What is the units digit of f?
8
Suppose -20*v = -25 - 35. Let w be 6 + 4*(-4)/8. Suppose 3*d = w*r - 273, -57 = v*r - 4*r + 3*d. What is the tens digit of r?
7
Suppose 6586*k - 6607*k = -267708. What is the thousands digit of k?
2
Let b be (-4)/14 + (-68)/7. Suppose 33 = 3*t + w - 12, 5*w = 0. Let f = b + t. What is the units digit of f?
5
Let h(j) = -13*j**2 + 13*j - 21. Let y be h(10). Let i = -536 - y. Suppose f + 0*f = -5*a + i, 0 = 4*a + 3*f - 513. What is the tens digit of a?
3
Let y be -3*(-308)/147 - (-4)/(-14). What is the tens digit of (-30)/(-18) + (2456/y - 1)?
1
Let t(m) = -2716*m - 1346. What is the hundreds digit of t(-15)?
3
Let f(r) = 5*r**2 + 2*r + 87. Let o(u) = -u**2 + 1. Let d(m) = f(m) + 4*o(m). Let t be d(0). Suppose 7*q - 105 = t. What is the units digit of q?
8
Let z(h) = h**3 + 21*h**2 - 47*h - 18. Let m be z(-23). Let u(v) = 47*v + 124. What is the units digit of u(m)?
9
Suppose -2*j + 2256 = 4*w, 5*w + 1743 = 5*j - 3897. What is the tens digit of j?
2
Let v = -52 - -54. Suppose m = 5*x - v*m - 124, 0 = 5*m + 15. Let h = -5 + x. What is the tens digit of h?
1
Suppose 4*t = 3*x - 8475, 4*x - x - 8460 = -t. What is the thousands digit of x?
2
What is the hundreds digit of (2/(-4))/(4*(-24)/662784)?
4
Suppose 6*q - 3*q + 33 = 3*w, 2 = 2*q + 4*w. Let n(k) be the second derivative of -10*k**3/3 - 45*k**2/2 - 2*k + 1539. What is the units digit of n(q)?
5
Suppose 42238 = -64*p + 71*p. What is the units digit of p?
4
Let b = 77 - -209. Let d = b - 153. What is the tens digit of d?
3
Suppose 2*y + y - 4*g + 1131 = 0, -g = 2*y + 765. Let a = 162 + y. Let h = -129 - a. What is the tens digit of h?
9
Suppose x + 21*h - 14867 = 22*h, h + 74331 = 5*x. What is the units digit of x?
6
Let w(g) = -g**3 + 6*g**2 + 14*g - 15. Let m(q) = 3*q**3 - 17*q**2 - 43*q + 45. Let t(j) = 4*m(j) + 11*w(j). What is the hundreds digit of t(11)?
9
Suppose 2*d - 1696 = -2*v, -3437 = -6*v + 2*v + 5*d. Let k = 1265 - v. What is the tens digit of k?
1
Let c(g) = -g**3 + 28*g**2 + 9*g - 70. Let m be c(28). Let j = m - 87. Suppose 263 - j = 2*z. What is the tens digit of z?
8
Suppose -79593 = -13*d + 91682. What is the ten thousands digit of d?
1
Let y(h) = -h**3 - 12*h**2 - 20. Let d be y(-12). Let a = d - -24. Suppose -2*s = -i + 120, -i - a*s + 32 = -58. What is the hundreds digit of i?
1
Suppose 10*i - 330 = -12*i. Suppose 0 = -i*y + 874 + 1061. What is the tens digit of y?
2
What is the thousands digit of (-30184)/112*((-18)/(-3))/(-1)?
1
Suppose 2 - 62 = -10*l. Let y(c) = 196*c - 88. What is the units digit of y(l)?
8
Suppose -3462*n + 1083699 = -3381*n. What is the tens digit of n?
7
What is the tens digit of 24/18*-9 + 16076?
6
Suppose -3*i + 69185 = -u, 5*i - 5*u = 123528 - 8213. What is the thousands digit of i?
3
Let j(s) be the second derivative of s**4/6 + 4*s**3/3 - s**2 - 23*s - 1. What is the tens digit of j(-9)?
8
Suppose 3*a + 3 = -3*c - 24, -21 = 3*a + c. Let v be 312/42 + a/14. Suppose t = 53 + v. What is the units digit of t?
0
Suppose 6*c = -2*c + 4000. Suppose -20*s + 16*s = c. Let b = s + 231. What is the units digit of b?
6
Suppose -l - m + 1 + 0 = 0, 0 = 3*l - m - 19. Let r = -956 - -958. Suppose l*u - 217 = -r*u. What is the tens digit of u?
3
Let q(h) = -2*h + 2. Let v(a) = -28*a - 151. Let m(y) = -5*q(y) + v(y). What is the hundreds digit of m(-23)?
2
Let r(g) = g**3 - 5*g**2 - 17*g + 21. Let h be r(7). Suppose 481 = 2*p + p - 5*w, h = -2*p + w + 316. What is the hundreds digit of p?
1
Let c(a) = 40*a**2 + 25*a - 191. What is the ten thousands digit of c(-24)?
2
Suppose -5*j = 3*z - 30, z + 6 + 1 = 4*j. Suppose -1189 + 301 = -j*k. What is the tens digit of k?
9
What is the thousands digit of 138/(-161) + -57826*(-6)/42?
8
Suppose -52671 - 36411 = -18*g. What is the tens digit of g?
4
Let g(t) = -5804*t - 4443. What is the tens digit of g(-2)?
6
Let j(g) = 245*g - 256*g - 2 + 5*g**2 + 0*g**2. What is the tens digit of j(-7)?
2
Let o(h) = -8*h**2 + 23*h**2 - 20*h**3 + 21*h**3 - 4 - 16*h. Let l be o(-16). Let n(u) = 3*u**2 - u - 8. What is the units digit of n(l)?
4
Suppose -2*n = 17*n - 82688. What is the thousands digit of n?
4
Suppose -6*q + 16 = -4*q. Suppose -j + 2*a + 35 = -a, -4*a - q = 0. Suppose -j*g + 26*g + 6 = 0. What is the units digit of g?
2
Let c be (-3)/((-24)/(-196))*(-107 - 3). Suppose -7*s = -2*s + 2*d - c, 2*d = -10. What is the hundreds digit of s?
5
Let i be 0 + (-12)/(-4) + 33/3. What is the tens digit of 2 + ((-7)/(i/20))/(-1)?
1
Suppose -9*h + 84 = -2*h. Suppose -h = -m + 105. What is the tens digit of m?
1
What is the units digit of (24/(-20))/(3/12740*-4)?
4
Let c(k) = -14 - 32*k - 30*k + 41*k. Let q = 28 + -32. What is the units digit of c(q)?
0
Let p(u) = -4*u**3 - u**2 + 251*u - 8. What is the tens digit of p(-18)?
7
Let b = -7672 - -20577. What is the tens digit of b?
0
Suppose -5*t = -j - j - 29, 3*j + 16 = 2*t. Let p be (t/10)/((-1)/2) - 1. What is the units digit of 97/p*(-6 - -4)?
7
Let r be -7 + 136/16 - (-39)/6. Suppose v + 5*b = -24, -2*v + 19 = -5*b - 8. What is the hundreds digit of (-20)/(-64)*442 - v/r?
1
Let k(v) = -v**2 + 13*v - 1. Let a be k(12). Suppose a*i - 545 = 71. Suppose -r = 10 - i. What is the tens digit of r?
4
Let h(b) = 2*b**3 + 10*b**2 - 2*b - 10. Let c be h(-5). Suppose -k - 29 - 34 = c. Let a = 143 + k. What is the units digit of a?
0
Let n = 119 - 114. Suppose -2*f - 2*d = 3*f - 15, -3*d - 15 = -n*f. Suppose f*h - 292 = j, -4*h + 400 = 10*j - 6*j. What is the tens digit of h?
9
Let l = -364 + 360. What is the units digit of -652*(3 + l - 3/6)?
8
Suppose 0 = 23*w - 18*w + 105. Let v = 188 - w. What is the units digit of v?
9
Let n(d) = 6131*d**2 + 78*d + 78. What is the tens digit of n(-1)?
3
What is the tens digit of (1354 - 0)/(((-874)/(-285))/23)?
5
Let s(c) = 7*c**3 + c**2 + c - 1. Let h be s(1). Suppose -h*b + 264 = -4*b. Suppose 0*v = -2*v + b. What is the units digit of v?
3
What is the units digit of -4*((-24379)/6)/((-186)/(-279))?
9
Let l = 498 - 492. What is the tens digit of 373/(-6*l/(-36))?
7
Suppose -2*u = 4*i - 346, 4*i = 7*i - 3*u - 255. Suppose 84*x + 290 = i*x. What is the tens digit of x?
4
Let i = 1158 + 7135. What is the units digit of i?
3
Let v(q) be the third derivative of 5*q**4/24 - q**2. Let x be v(2). Suppose x*w + 213 - 743 = 0. What is the units digit of w?
3
Suppose 23*f + 2*m = 25*f - 146066, -2*m - 18 = 0. What is the hundreds